{"id":21,"date":"2019-12-05T12:45:07","date_gmt":"2019-12-05T11:45:07","guid":{"rendered":"https:\/\/www.mc-saechsische-schweiz.de\/?page_id=21"},"modified":"2023-11-02T11:47:22","modified_gmt":"2023-11-02T10:47:22","slug":"startseite","status":"publish","type":"page","link":"https:\/\/www.mc-saechsische-schweiz.de\/w4\/","title":{"rendered":"Startseite"},"content":{"rendered":"\t\t<div data-elementor-type=\"wp-page\" data-elementor-id=\"21\" class=\"elementor elementor-21\">\n\t\t\t\t\t\t<section class=\"elementor-section elementor-top-section elementor-element elementor-element-a4be253 elementor-section-boxed elementor-section-height-default elementor-section-height-default\" data-id=\"a4be253\" data-element_type=\"section\">\n\t\t\t\t\t\t<div class=\"elementor-container elementor-column-gap-default\">\n\t\t\t\t\t<div class=\"elementor-column elementor-col-100 elementor-top-column elementor-element elementor-element-24f2b67\" data-id=\"24f2b67\" data-element_type=\"column\">\n\t\t\t<div class=\"elementor-widget-wrap elementor-element-populated\">\n\t\t\t\t\t\t<div class=\"elementor-element elementor-element-36528df elementor-widget elementor-widget-text-editor\" data-id=\"36528df\" data-element_type=\"widget\" data-widget_type=\"text-editor.default\">\n\t\t\t\t<div class=\"elementor-widget-container\">\n\t\t\t\t\t\t\t\t\t<p>\u00a0<\/p><p>Der M\u00e4nnerchor S\u00e4chsische Schweiz hat auf Grund des zum Jahresende 2022 eingetretenen eklatanten Mitgliederr\u00fcckganges auf seiner Mitgliederversammlung schweren Herzens seine Aufl\u00f6sung beschlossen.<\/p><p>Seit Juli 2023 finden weder Proben noch Auftritte statt.<\/p><p>Die L\u00f6schung aus dem Vereinsregister ist beantragt.<\/p><p>Wir m\u00f6chten uns an dieser Stelle bei allen Freunden des M\u00e4nnerchores, die uns in den zur\u00fcckliegenden 45 Jahren begleiteten und in vielfacher Weise unterst\u00fctzten, bedanken.<\/p>\t\t\t\t\t\t\t\t<\/div>\n\t\t\t\t<\/div>\n\t\t\t\t\t<\/div>\n\t\t<\/div>\n\t\t\t\t\t<\/div>\n\t\t<\/section>\n\t\t\t\t<\/div>\n\t\t","protected":false},"excerpt":{"rendered":"<p>\u00a0 Der M\u00e4nnerchor S\u00e4chsische Schweiz hat auf Grund des zum Jahresende 2022 eingetretenen eklatanten Mitgliederr\u00fcckganges auf seiner Mitgliederversammlung schweren Herzens seine Aufl\u00f6sung beschlossen. Seit Juli 2023 finden weder Proben noch&hellip;&nbsp;<a href=\"https:\/\/www.mc-saechsische-schweiz.de\/w4\/\" class=\"\" rel=\"bookmark\">Weiterlesen &raquo;<span class=\"screen-reader-text\">Startseite<\/span><\/a><\/p>\n","protected":false},"author":1,"featured_media":20,"parent":0,"menu_order":0,"comment_status":"closed","ping_status":"closed","template":"","meta":{"neve_meta_sidebar":"","neve_meta_container":"","neve_meta_enable_content_width":"","neve_meta_content_width":0,"neve_meta_title_alignment":"","neve_meta_author_avatar":"","neve_post_elements_order":"","neve_meta_disable_header":"","neve_meta_disable_footer":"","neve_meta_disable_title":"","footnotes":""},"class_list":["post-21","page","type-page","status-publish","has-post-thumbnail","hentry"],"_links":{"self":[{"href":"https:\/\/www.mc-saechsische-schweiz.de\/w4\/index.php?rest_route=\/wp\/v2\/pages\/21","targetHints":{"allow":["GET"]}}],"collection":[{"href":"https:\/\/www.mc-saechsische-schweiz.de\/w4\/index.php?rest_route=\/wp\/v2\/pages"}],"about":[{"href":"https:\/\/www.mc-saechsische-schweiz.de\/w4\/index.php?rest_route=\/wp\/v2\/types\/page"}],"author":[{"embeddable":true,"href":"https:\/\/www.mc-saechsische-schweiz.de\/w4\/index.php?rest_route=\/wp\/v2\/users\/1"}],"replies":[{"embeddable":true,"href":"https:\/\/www.mc-saechsische-schweiz.de\/w4\/index.php?rest_route=%2Fwp%2Fv2%2Fcomments&post=21"}],"version-history":[{"count":18,"href":"https:\/\/www.mc-saechsische-schweiz.de\/w4\/index.php?rest_route=\/wp\/v2\/pages\/21\/revisions"}],"predecessor-version":[{"id":75,"href":"https:\/\/www.mc-saechsische-schweiz.de\/w4\/index.php?rest_route=\/wp\/v2\/pages\/21\/revisions\/75"}],"wp:featuredmedia":[{"embeddable":true,"href":"https:\/\/www.mc-saechsische-schweiz.de\/w4\/index.php?rest_route=\/wp\/v2\/media\/20"}],"wp:attachment":[{"href":"https:\/\/www.mc-saechsische-schweiz.de\/w4\/index.php?rest_route=%2Fwp%2Fv2%2Fmedia&parent=21"}],"curies":[{"name":"wp","href":"https:\/\/api.w.org\/{rel}","templated":true}]}}

<div data-elementor-type="wp-page" data-elementor-id="21" class="elementor elementor-21">
						<section class="elementor-section elementor-top-section elementor-element elementor-element-a4be253 elementor-section-boxed elementor-section-height-default elementor-section-height-default" data-id="a4be253" data-element_type="section">
						<div class="elementor-container elementor-column-gap-default">
					<div class="elementor-column elementor-col-100 elementor-top-column elementor-element elementor-element-24f2b67" data-id="24f2b67" data-element_type="column">
			<div class="elementor-widget-wrap elementor-element-populated">
						<div class="elementor-element elementor-element-36528df elementor-widget elementor-widget-text-editor" data-id="36528df" data-element_type="widget" data-widget_type="text-editor.default">
				<div class="elementor-widget-container">
									<p> </p><p>Der Männerchor Sächsische Schweiz hat auf Grund des zum Jahresende 2022 eingetretenen eklatanten Mitgliederrückganges auf seiner Mitgliederversammlung schweren Herzens seine Auflösung beschlossen.</p><p>Seit Juli 2023 finden weder Proben noch Auftritte statt.</p><p>Die Löschung aus dem Vereinsregister ist beantragt.</p><p>Wir möchten uns an dieser Stelle bei allen Freunden des Männerchores, die uns in den zurückliegenden 45 Jahren begleiteten und in vielfacher Weise unterstützten, bedanken.</p>								</div>
				</div>
					</div>
		</div>
					</div>
		</section>
				</div>

<p>  Der Männerchor Sächsische Schweiz hat auf Grund des zum Jahresende 2022 eingetretenen eklatanten Mitgliederrückganges auf seiner Mitgliederversammlung schweren Herzens seine Auflösung beschlossen. Seit Juli 2023 finden weder Proben noch&hellip;&nbsp;<a href="https://www.mc-saechsische-schweiz.de/w4/" class="" rel="bookmark">Weiterlesen &raquo;<span class="screen-reader-text">Startseite</span></a></p>
